88
Calculate the remainder when 12124 is divided by 119.
105
Calculate the remainder when 736 is divided by 98.
50
What is the remainder when 4771 is divided by 4758?
13
Calculate the remainder when 4281034 is divided by 21.
16
What is the remainder when 2730 is divided by 1339?
52
What is the remainder when 174272 is divided by 11618?
2
Calculate the remainder when 19984 is divided by 60.
4
What is the remainder when 481242 is divided by 160410?
12
Calculate the remainder when 5481 is divided by 3.
0
What is the remainder when 25115 is divided by 953?
337
Calculate the remainder when 29302 is divided by 1785.
742
What is the remainder when 13796 is divided by 241?
59
What is the remainder when 84847 is divided by 26?
9
Calculate the remainder when 9525 is divided by 4376.
773
Calculate the remainder when 635 is divided by 407.
228
What is the remainder when 13036 is divided by 123?
121
What is the remainder when 14017 is divided by 175?
17
What is the remainder when 51397 is divided by 519?
16
Calculate the remainder when 1576167 is divided by 1055.
1052
What is the remainder when 5668 is divided by 443?
352
What is the remainder when 563847 is divided by 14?
11
What is the remainder when 142252 is divided by 115?
112
Calculate the remainder when 534106 is divided by 243.
235
Calculate the remainder when 209006 is divided by 9085.
51
What is the remainder when 24350 is divided by 86?
12
What is the remainder when 17107 is divided by 222?
13
What is the remainder when 298 is divided by 29?
8
Calculate the remainder when 7410 is divided by 1418.
320
What is the remainder when 21012 is divided by 6970?
102
Calculate the remainder when 25394 is divided by 153.
149
What is the remainder when 58803 is divided by 2556?
15
Calculate the remainder when 19150 is divided by 4760.
110
Calculate the remainder when 24116 is divided by 40.
36
What is the remainder when 9216 is divided by 45?
36
Calculate the remainder when 6343 is divided by 16.
7
What is the remainder when 373100 is divided by 29?
15
Calculate the remainder when 26991 is divided by 33.
30
Calculate the remainder when 12043 is divided by 24.
19
Calculate the remainder when 421039 is divided by 43.
26
What is the remainder when 119710 is divided by 173?
167
What is the remainder when 556065 is divided by 121?
70
What is the remainder when 97199 is divided by 675?
674
What is the remainder when 102134 is divided by 59?
5
What is the remainder when 485298 is divided by 20?
18
Calculate the remainder when 12770 is divided by 4045.
635
Calculate the remainder when 2677 is divided by 2645.
32
Calculate the remainder when 7976 is divided by 78.
20
Calculate the remainder when 232573 is divided by 23.
20
Calculate the remainder when 4054 is divided by 506.
6
What is the remainder when 11816 is divided by 3658?
842
What is the remainder when 157506 is divided by 157505?
1
Calculate the remainder when 91314 is divided by 22826.
10
What is the remainder when 5335 is divided by 534?
529
Calculate the remainder when 60931 is divided by 511.
122
Calculate the remainder when 28814 is divided by 283.
231
Calculate the remainder when 2800 is divided by 2657.
143
Calculate the remainder when 14118 is divided by 50.
18
What is the remainder when 2270 is divided by 194?
136
What is the remainder when 432918 is divided by 749?
745
What is the remainder when 240024 is divided by 86?
84
Calculate the remainder when 101956 is divided by 299.
296
Calculate the remainder when 2825 is divided by 339.
113
Calculate the remainder when 19653 is divided by 168.
165
Calculate the remainder when 6747 is divided by 2228.
63
What is the remainder when 4688 is divided by 9?
8
Calculate the remainder when 861700 is divided by 1670.
1650
Calculate the remainder when 11129 is divided by 159.
158
What is the remainder when 967 is divided by 496?
471
What is the remainder when 272364 is divided by 235?
234
Calculate the remainder when 88870 is divided by 494.
444
Calculate the remainder when 29096 is divided by 3120.
1016
Calculate the remainder when 21449 is divided by 48.
41
Calculate the remainder when 2719 is divided by 311.
231
Calculate the remainder when 944746 is divided by 69.
67
What is the remainder when 3580777 is divided by 31?
29
What is the remainder when 3869 is divided by 3857?
12
Calculate the remainder when 11568 is divided by 680.
8
What is the remainder when 6966 is divided by 28?
22
What is the remainder when 29133 is divided by 45?
18
Calculate the remainder when 386715 is divided by 128904.
3
Calculate the remainder when 2602 is divided by 2297.
305
What is the remainder when 4210 is divided by 369?
151
What is the remainder when 59900 is divided by 74?
34
What is the remainder when 3307 is divided by 96?
43
Calculate the remainder when 20589 is divided by 143.
140
What is the remainder when 122290 is divided by 4891?
15
Calculate the remainder when 76595 is divided by 157.
136
What is the remainder when 10634 is divided by 101?
29
What is the remainder when 709 is divided by 370?
339
Calculate the remainder when 555 is divided by 15.
0
What is the remainder when 37653 is divided by 24?
21
Calculate the remainder when 1373567 is divided by 224.
223
What is the remainder when 27108 is divided by 1691?
52
What is the remainder when 5563 is divided by 19?
15
Calculate the remainder when 361128 is divided by 97.
94
What is the remainder when 181691 is divided by 11355?
11
Calculate the remainder when 3616 is divided by 302.
294
What is the remainder when 1877 is divided by 464?
21
Calculate the remainder when 2133 is divided by 299.
40
What is the remainder when 30375 is divided by 364?
163
Calculate the remainder when 5950 is divided by 13.
9
Calculate the remainder when 91955 is divided by 30647.
14
What is the remainder when 5030 is divided by 281?
253
Calculate the remainder when 33274 is divided by 83.
74
What is the remainder when 17423 is divided by 356?
335
What is the remainder when 51159 is divided by 301?
290
What is the remainder when 5138 is divided by 2364?
410
Calculate the remainder when 6777 is divided by 2232.
81
What is the remainder when 23504 is divided by 7833?
5
Calculate the remainder when 75089 is divided by 27.
2
Calculate the remainder when 4525 is divided by 20.
5
What is the remainder when 5498 is divided by 5496?
2
Calculate the remainder when 9314 is divided by 16.
2
What is the remainder when 1112221 is divided by 32?
29
Calculate the remainder when 1917260 is divided by 962.
956
Calculate the remainder when 1625 is divided by 601.
423
Calculate the remainder when 8323 is divided by 2771.
10
What is the remainder when 7368 is divided by 189?
186
What is the remainder when 1337 is divided by 980?
357
What is the remainder when 682904 is divided by 2?
0
What is the remainder when 89758 is divided by 176?
174
What is the remainder when 16967 is divided by 8481?
5
Calculate the remainder when 4920 is divided by 386.
288
Calculate the remainder when 70647 is divided by 23.
14
Calculate the remainder when 157779 is divided by 123.
93
Calculate the remainder when 2553 is divided by 57.
45
What is the remainder when 1936 is divided by 905?
126
Calculate the remainder when 7615 is divided by 401.
397
What is the remainder when 39375 is divided by 821?
788
Calculate the remainder when 60567 is divided by 536.
535
What is the remainder when 10931 is divided by 24?
11
Calculate the remainder when 7381 is divided by 661.
110
Calculate the remainder when 83246 is divided by 925.
921
Calculate the remainder when 15113 is divided by 90.
83
Calculate the remainder when 1343 is divided by 347.
302
Calculate the remainder when 77850 is divided by 378.
360
Calculate the remainder when 22027 is divided by 92.
39
What is the remainder when 23857 is divided by 75?
7
What is the remainder when 346757 is divided by 22?
15
What is the remainder when 44891 is divided by 14960?
11
What is the remainder when 5332 is divided by 908?
792
Calculate the remainder when 75573 is divided by 12595.
3
What is the remainder when 8603 is divided by 772?
111
Calculate the remainder when 9786 is divided by 121.
106
What is the remainder when 289376 is divided by 130?
126
Calculate the remainder when 47515 is divided